f**2 + 36*f + 18. Determine z(-35).
-17
Let l(m) = 7*m + 6. Calculate l(-1).
-1
Let l(w) = -w**3 + 4*w**2 + 3. What is l(4)?
3
Let g(z) = 14*z**2 + 13*z - 4. Calculate g(-3).
83
Let t(j) = -j**3 - 3*j - 5. Calculate t(3).
-41
Let a(t) = 23*t + 39. Determine a(-2).
-7
Let u(y) = -y**3 + 15*y**2 - 12*y + 13. Determine u(14).
41
Let z(w) = -w**2 - 10*w - 18. Determine z(-7).
3
Let f(j) = -j**3 - 11*j**2 + 13*j + 13. Give f(-12).
1
Let h(a) = -a**2 + 12*a - 3. Calculate h(8).
29
Let s(b) = -2*b - 4. Give s(16).
-36
Let l(g) = g**3 + 2*g + 3. Calculate l(-2).
-9
Let g(k) = 9*k + 4. Determine g(5).
49
Let z(h) = -h**2 + 3*h + 10. Give z(5).
0
Let r(v) = 5*v + 1. Determine r(-1).
-4
Let f(n) = -n**2 - 5*n - 7. What is f(-6)?
-13
Let p(y) = 4*y**2 - 2*y - 2. Calculate p(3).
28
Let p(c) = -7*c + 16. Calculate p(7).
-33
Let u(l) = l**3 + 23*l**2 - 18*l + 151. What is u(-24)?
7
Let l(b) = -15*b + 14. Determine l(8).
-106
Let k(z) = 2*z**2 - 6. What is k(-4)?
26
Let p(r) = -r**2 + 2*r + 2. Calculate p(3).
-1
Let u(q) = q**2 - 20*q + 39. Give u(2).
3
Let w(i) = 2*i**2 - i. Calculate w(2).
6
Let k(z) = z**3 - 4*z**2 - 6*z - 4. Calculate k(5).
-9
Let c(f) = -f**2 - f + 30. Determine c(10).
-80
Let i(h) = h**3 + 2*h**2 + 3*h - 1. What is i(-2)?
-7
Let f(y) = -3*y**2 + 2*y + 6. Determine f(-2).
-10
Let z(s) = -2*s**2 + 29*s + 33. Give z(14).
47
Let s(n) = -n**2 - 15*n + 1. Calculate s(-5).
51
Let r(h) = -h**2 - 6*h - 1. Calculate r(-4).
7
Let l(d) = -5*d + 71. Calculate l(13).
6
Let g(w) = -7*w - 6. Determine g(-4).
22
Let l(a) = a + 10. Determine l(-8).
2
Let m(h) = -h**2 + 2*h + 2. Calculate m(3).
-1
Let a(b) = -b**2 + 3*b + 20. Calculate a(6).
2
Let n(r) = -r**2 - 14*r. Determine n(-13).
13
Let f(g) = -g**2 - 5*g + 336. Give f(-21).
0
Let s(u) = 3*u**2 + 3. What is s(-3)?
30
Let b(p) = 3*p**2 - 2*p + 3. What is b(2)?
11
Let s(a) = 2*a - 31. Determine s(-3).
-37
Let f(n) = -7*n + 56. Determine f(9).
-7
Let b(q) = q - 28. Determine b(0).
-28
Let x(y) = y**2 - y - 2. Calculate x(5).
18
Let b(f) = -f**2 - 8*f + 12. Calculate b(-9).
3
Let m(t) = t**3 - 13*t - 3. Give m(-5).
-63
Let m(t) = 7*t**3 - t**2 + 2*t - 1. Determine m(1).
7
Let v(b) = b**2 - 8*b + 10. Give v(6).
-2
Let c(n) = -n**3 + 7*n**2 + 13. What is c(4)?
61
Let o(r) = r - 7. Determine o(5).
-2
Let c(g) = 30*g - 34. Give c(-5).
-184
Let v(a) = 4*a**3 - 22*a**2 + 10*a - 7. Calculate v(5).
-7
Let m(x) = -3*x**3 + 5*x**2 - 5*x + 6. Calculate m(2).
-8
Let m(y) = 38*y**2 - y. Calculate m(-1).
39
Let r(a) = -a**3 + 26*a**2 - a + 24. Give r(26).
-2
Let s(g) = g + 3. Give s(-7).
-4
Let l(m) = 2*m + 5. What is l(-1)?
3
Let n(j) = -12*j + 7. What is n(-3)?
43
Let a(m) = -4*m**2 - 12*m - 7. Determine a(-2).
1
Let p(i) = -26*i + 55. What is p(2)?
3
Let a(h) = 18*h - 5. Give a(-4).
-77
Let s(h) = -2*h**2 - 15*h + 9. Calculate s(-8).
1
Let r(y) = y**3 + 61*y**2 + 63*y + 196. Determine r(-60).
16
Let j(q) = -q**3 + 8*q**2 + q + 5. Calculate j(8).
13
Let y(u) = u**3 + 13*u**2 + 2*u + 14. Calculate y(-13).
-12
Let u(g) = 6*g**3 - g**2 + 4*g + 4. Determine u(-1).
-7
Let s(c) = -c + 5. Determine s(8).
-3
Let q(v) = v**2 - 39*v - 266. Calculate q(-6).
4
Let y(z) = -6*z**2 - 3*z + 2. What is y(-3)?
-43
Let c(b) = -10*b - 30. Calculate c(-4).
10
Let a(u) = -4*u**2 + 6*u - 5. What is a(1)?
-3
Let r(f) = 2*f**3 - f - 3. Give r(0).
-3
Let g(f) = f**3 - 3*f**2 + 2*f + 1. Calculate g(3).
7
Let b(h) = 42*h + 70. Give b(-2).
-14
Let k(z) = -3*z**2 + 12*z - 5. What is k(2)?
7
Let n(g) = g**2 + 8*g - 29. Calculate n(-11).
4
Let m(v) = -v**3 - 10*v**2 - 13*v + 21. What is m(-8)?
-3
Let k(i) = -5*i**2 - i + 9. Calculate k(-6).
-165
Let k(t) = -t**3 - 17*t**2 + 6*t + 22. Give k(-17).
-80
Let j(u) = -u**3 + 6*u**2 + 8*u - 7. Calculate j(5).
58
Let u(c) = -2*c**2 - 5*c + 17. Determine u(-9).
-100
Let p(t) = -t + 34. Determine p(23).
11
Let v(o) = 17*o**3 + o**2 - o. Determine v(1).
17
Let q(m) = m**3 + m**2 + 2*m + 4. What is q(0)?
4
Let s(z) = 5*z - 2. Determine s(-1).
-7
Let v(i) = 2*i**2 - 46. Calculate v(6).
26
Let x(u) = -u**3 - 9*u**2 - 6*u + 3. What is x(-8)?
-13
Let w(y) = -2*y**3 + 50*y**2 - 52*y + 84. What is w(24)?
-12
Let k(s) = 9*s + 189. Determine k(-22).
-9
Let l(p) = -p**3 + 8*p**2 - 7*p + 50. Calculate l(8).
-6
Let t(g) = 5*g - 17. Calculate t(7).
18
Let a(g) = 3*g**2 - 48*g + 15. Calculate a(18).
123
Let f(d) = -d**3 - 2*d**2 + 5*d + 2. What is f(-4)?
14
Let v(t) = -t**2 - t + 3. Calculate v(-6).
-27
Let v(u) = -u**2 - 11*u - 7. Give v(-6).
23
Let w(h) = 15*h + 1. Give w(-1).
-14
Let s(q) = q**2 - 15*q - 86. Give s(-5).
14
Let z(k) = -k**2 - 15. Calculate z(5).
-40
Let g(o) = -o**2 + 2*o - 5. Give g(-4).
-29
Let k(x) = -x**3 + 9*x**2 - 7*x + 67. Determine k(9).
4
Let g(f) = f**3 + 12*f**2 - 43*f + 36. Calculate g(-15).
6
Let u(m) = -m**2 + 2*m + 1. Determine u(6).
-23
Let m(h) = -h**3 + h**2 - 2*h - 4. Give m(4).
-60
Let r(z) = z**2 - z + 2. What is r(2)?
4
Let k(g) = -g**3 + 3*g**2 + 4*g + 2. Calculate k(4).
2
Let a(h) = 9*h**3 + 2*h**2 - 23*h + 20. Give a(1).
8
Let m(g) = -g**2 + 11*g + 58. Determine m(9).
76
Let i(u) = -2*u - 5. Determine i(8).
-21
Let b(l) = -l**2 + 7*l + 5. What is b(-5)?
-55
Let g(j) = 2*j**2 + 59*j + 2. Give g(-29).
-27
Let o(w) = -4*w**2 - w + 17. Calculate o(-4).
-43
Let q(v) = 2*v**2 + v + 1. Determine q(-1).
2
Let x(h) = -h**3 - 5*h**2 + 10*h + 3. Determine x(-6).
-21
Let q(k) = k**2 - 10*k + 18. Determine q(3).
-3
Let i(x) = x**3 + 5*x**2 - 4*x + 7. Calculate i(-5).
27
Let v(c) = 27*c + 127. Calculate v(-4).
19
Let z(a) = -9*a**2 + 2*a. Determine z(-2).
-40
Let j(a) = 91*a + 12. Determine j(0).
12
Let y(g) = 10*g - 311. Give y(30).
-11
Let y(o) = 10*o - 8. Calculate y(5).
42
Let l(k) = -k - 38. What is l(-13)?
-25
Let p(x) = x**2 - 4*x - 18. Calculate p(0).
-18
Let g(a) = -8*a - 96. Determine g(-20).
64
Let s(v) = 12*v + 174. Calculate s(-14).
6
Let h(g) = -g**3 + 9*g**2 + 3*g - 1. Calculate h(9).
26
Let o(h) = -h**3 - 7*h**2 - 11*h - 10. Calculate o(-5).
-5
Let g(a) = 9*a + 3. Give g(-6).
-51
Let h(y) = -5*y**3 + 3*y - 2. Give h(-2).
32
Let g(p) = 5*p - 30. Calculate g(-25).
-155
Let a(d) = d**3 - 8*d**2 - 4*d - 4. Determine a(6).
-100
Let o(q) = q**2 - 11*q + 82. What is o(9)?
64
Let q(i) = -i**2 + 7. Calculate q(0).
7
Let q(b) = -b - 5. What is q(0)?
-5
Let x(h) = -h**2 + 14*h - 34. What is x(3)?
-1
Let v(b) = b**2 - 4*b - 37. Give v(8).
-5
Let p(i) = -i**2 + 3*i - 3. Give p(5).
-13
Let u(y) = 9*y + 13. Give u(-2).
-5
Let s(q) = 7*q**3 + q**2 + 5*q + 5. Calculate s(-1).
-6
Let s(u) = u**2 - 5. Give s(0).
-5
Let y(j) = j + 16. Determine y(-15).
1
Let r(q) = -q**3 - 4*q**2 + 3*q + 20. What is r(-4)?
8
Let n(y) = y**2 - 22*y - 35. What is n(24)?
13
Let p(j) = 6*j - 1. Calculate p(1).
5
Let b(g) = -5*g - 19. Determine b(-5).
6
Let y(f) = 4*f + 20. Give y(-16).
-44
Let p(m) = 6*m**3 + 2*m**2 - 2*m - 5. Determine p(-2).
-41
Let a(n) = n**3 + 22*n**2 - 22*n - 13. Give a(-23).
-36
Let i(d) = d**3 - 5*d**2 + 4*d - 2. Give i(4).
-2
Let b(t) = -7*t**3 + 3*t**2 + 2*t. What is b(-1)?
8
Let s(v) = -15*v + 88. Calculate s(6).
-2
Let o(s) = s**3 - 4*s + 4. Calculate o(2).
4
Let u(g) = g + 25. Calculate u(-15).
10
Let l(g) = g**2 + 4*g - 3. Calculate l(0).
-3
Let h(f) = 28*f + 9. Determine h(-4).
-103
Let u(d) = 5*d - 53. Determine u(10).
-3
Let r(p) = -2*p - 8. Calculate r(13).
-34
Let s(o) = 2*o**2 - 56*o - 62. Determine s(28).
-62
Let t(i) = -2*i + 42. Give t(17).
8
Let k(n) = -14*n**3 + 4*n**2 - 7*n + 5. What is k(1)?
-12
Let y(g) = -2*g**2 + 18*g - 19. Calculate y(1).
-3
Let z(c) = c**3 - 4*c**2 - 15*c + 16. What is z(6)?
-2
Let b(s) = s + 3. Calculate b(-2).
1
Let h(a) = -106*a - 5. Calculate h(-2).
207
Let n(c) = -3*c**2 - 14*c - 11. Determine n(-5).
-16
Let g(z) = 2*z + 31. Give g(-6).
19
Let g(o) = -19*o**2 - 3*o - 2. Calculate g(-1).
-18
Let a(j) = j - 4. What is a(-8)?
-12
Let b(z) = -z**3 - 47*z**2 - z - 42. Calculate b(-47).
5
Let p(m) = m**3 - 3*m**2 - 3*m - 8. What is p(4)?
-4
Let l(k) = k**2 + 10*k + 4. What is l(-5)?
-21
Let z(o) = 2*o**3 + 13*o**2 - 9*o - 2. Calculate z(-7).
12
Let j(a) = -a**3 - 13*a**2 - 21*a + 5. Give j(-11).
-6
Let z(o) = -3*o**3 - o**2 + 3*o + 3. Give z(-2).
17
Let f(x) = -2*x**3 - 38*x**2 + 7. Calculate f(-19).
7
Let b(q) = -2*q + 64. Calculate b(33).
-2
Let